833 = 11*n - 53175 - 11735. Is n a prime number?
True
Let y = -324 + 324. Is 250629/114*(y - -2) prime?
True
Let j(w) = -12*w - 39. Suppose -3*z - 33 = 3*l, -3*l - 18 - 19 = 4*z. Let q be j(l). Is (-4888)/(-10) - (-9)/q composite?
True
Let k = 560603 + -329802. Is k prime?
False
Let a = 301737 - 74350. Is a prime?
True
Let n(j) = -34 - 21 - 4*j + 62. Let c be n(-2). Is 2094/((-4)/(-2)) + -13 + c a composite number?
False
Suppose -2*y + 497 + 3397 = 0. Let r(w) = -185*w + 144. Let j be r(8). Let b = y + j. Is b a composite number?
True
Suppose -30422 = -17*j + 11160. Suppose -j = -8*m + 32586. Is m a prime number?
False
Suppose -3380*c + 3401*c - 16490649 = 0. Is c a prime number?
True
Suppose 14*x - 3*x = 44. Suppose -3*m = 2*u - x*m - 18669, 1 = -m. Is 2/(-5) - 6/((-60)/u) a composite number?
True
Suppose 3 - 9 = -u. Suppose 0 = -i + 7 - u. Is (i - 4) + 7 + 477/1 prime?
False
Let r(n) = 1884*n**2 + 154*n + 1091. Is r(-7) prime?
False
Let v = -706 - -997. Let q be (264/(-55))/6*(-4120)/4. Suppose q + v = u. Is u composite?
True
Let q(f) be the first derivative of 7*f**4/2 + f**3 + 13*f**2 - 41*f + 315. Is q(10) composite?
False
Let o = 2240008 - 1127475. Is o a composite number?
True
Suppose 39*a = 7*a + 749792. Suppose 0*c - 117139 = -5*w - 3*c, -w + c = -a. Is w composite?
True
Suppose -2*a + 4 = -3*u, 2*a + u + 3 = 3*a. Suppose 4*q - 2*q = 2*c - 27904, a*c - 69750 = -5*q. Is c composite?
True
Suppose 4*g = d + 58263, -3*g + 6591 = 4*d - 37111. Is g a prime number?
False
Suppose 2*f - 2*a - 85198 = 2*a, -a = 6. Is f a composite number?
True
Let k(f) = 784*f - 13. Let l(d) = 783*d - 14. Let a(t) = -3*k(t) + 2*l(t). Is a(-3) prime?
False
Let b be ((-1498)/8)/((-2)/8). Let y be (10/4)/(11/22) - 5. Suppose y = -22*w + 21*w + b. Is w prime?
False
Suppose 0 = -0*m - 12*m - 24. Let t be 4/(-2)*-10 + m. Is 3684/9 + (-6)/t composite?
False
Let n(g) = 1405*g**2 - 17*g - 7. Is n(-3) prime?
True
Let f(g) be the second derivative of 7*g**5/4 - 5*g**4/4 - g**3 - 5*g**2/2 - 11*g - 1. Is f(6) prime?
False
Is -16 + (-631036)/(-35) - (-3)/(-5) prime?
True
Suppose 12876 = 4*p + 4*u, 10*p + 6444 = 12*p - u. Suppose 101464 + p = 21*y. Is y a prime number?
False
Let b be -9*4/24*16/(-6). Suppose 3*v = 3*y + b*v - 15389, 5*y = -3*v + 25643. Is y a prime number?
False
Suppose 34*u = 32*u + 1750. Is (u - -23)/((-2)/(-2)) composite?
True
Let n be (1/2)/((-2)/(-396)*-1). Is (5/2)/((n/342)/(-11)) a prime number?
False
Suppose 39045062 + 35596726 = 156*d. Is d a prime number?
False
Let l = -11734 + 21701. Is l composite?
False
Let y = 70739 + -32196. Is y a composite number?
False
Let n be (1/3)/((-2)/(-18)). Suppose -6*q + 17 + 19 = 12*q. Suppose 20 = -5*f, -q*f + 1172 = n*p + p. Is p a composite number?
True
Let o(j) = 168*j + 1. Suppose -25 = 2*r - 5*v, 3*v - 7*v = -4*r - 44. Let f be 0 + 2*r/(-4) + 0. Is o(f) prime?
False
Suppose -44*i + 408285 - 6433 = 0. Is i composite?
False
Suppose -28*x = 102*x - 3840443 - 3057227. Is x composite?
True
Let l(c) = -c + 7. Let v be l(7). Suppose -14*u + 11*u + 7908 = v. Suppose -15*p + 11*p = -u. Is p prime?
True
Suppose 10 = 2*f, 43 = 2*a + 5*f - 6. Is (a/4)/(-2 - 12442/(-6218)) prime?
True
Suppose -2*p - 3*o = -33430, -2*o + 11247 = 3*p - 38908. Is p a prime number?
False
Suppose -404175 = -i - 4*q, -4*i + 4*q - 945027 = -2561807. Is i a composite number?
False
Let b(o) = -3*o + 20. Let z be b(-5). Let n = z - 54. Is (-9 - n)/((-4)/(-334)) prime?
False
Suppose 12 = -4*u, -3*a - 128*u - 8079 = -125*u. Suppose z + 3847 = -3*j, -2*z - 571 = j + 718. Let p = j - a. Is p a prime number?
True
Let j(q) be the third derivative of -257*q**6/120 + q**5/20 - q**4/24 - q**3/3 + 2*q**2 + 23. Is j(-1) prime?
False
Is 6 + 2647528/32 - 15/60 prime?
False
Let d be (-17631)/5 + 224/(-280). Let x = d - -8734. Is x composite?
True
Suppose 0 = 58*b - 62*b - 192. Let w be ((-2)/(-6))/((20/b)/(-5)). Suppose w*n - 1886 = 4350. Is n composite?
False
Let w be 18/126 - 55/(-7). Let n(y) = -y**3 + 6*y**2 + 16*y. Let c be n(w). Suppose 14*t - 15*t + 2333 = c. Is t prime?
True
Suppose 6*y - 4 + 4 = 0. Is (-2 - y)*207435/(-30) prime?
True
Suppose -1018*m - 5*s = -1023*m + 1346400, -3*s + 807882 = 3*m. Is m composite?
True
Suppose -4196493 = -84*z + 14069895. Is z a composite number?
False
Suppose 32*p = -34*p - 4397 - 10255. Let j be ((-2)/(-4))/(1/(-278)). Let m = j - p. Is m composite?
False
Let p = 2946 - 666. Is (2/(-3) - (-7)/(-21)) + p composite?
True
Suppose 2*d = 3*t + 39, -22 = -2*t - 16. Let r(x) = 65*x**2 - 6*x + 43. Is r(d) composite?
False
Suppose 196581*y - 196580*y - 60493 = 0. Is y composite?
False
Let p(y) = 5162*y + 2703. Is p(29) composite?
True
Let c(o) = 23790*o**2 - 48*o + 99. Is c(2) prime?
False
Is -1*16/((-256)/5103344) composite?
True
Suppose -l + 6*b + 56847 = 2*b, 2*l - 113682 = -4*b. Is l composite?
False
Let c = -35 + 37. Is ((-1)/c)/(9/(-124938) + 0) a prime number?
False
Let i(m) = -12*m**2 - 2*m + 11. Let c(g) = 23*g**2 + 3*g - 23. Let w(t) = -2*c(t) - 5*i(t). Is w(-7) a composite number?
True
Let l(n) = 3*n**3 + 83*n**2 - 90*n + 172. Let y(j) = j**3 + 27*j**2 - 30*j + 57. Let h(d) = -2*l(d) + 7*y(d). Is h(-22) a prime number?
False
Suppose 2*s = -5*c + 309316, 463899 = -58*s + 61*s - 5*c. Is s prime?
True
Let h(l) = 62*l**2 - 15*l - 37. Let q(p) = 2*p**2 - 2*p - 48. Let s be q(5). Is h(s) a composite number?
False
Suppose 26 = 5*b - 4. Let i be (-1 - -1 - -42) + (3 - b). Suppose -i*q - 1419 = -42*q. Is q composite?
True
Let v(p) = 16*p**3 + 5*p**2 + 8*p - 18. Let f be v(6). Suppose 0*m - f = -2*n - m, n - 1843 = 2*m. Is n a composite number?
True
Suppose 165 = -11*n + 16*n. Let c = -107 - -327. Let s = n + c. Is s a composite number?
True
Let f(c) = 914*c + 107. Is f(5) a composite number?
True
Let u be (24/16)/((-6)/(-12)). Let f(l) = 257*l**2 + 11*l - 13. Is f(u) composite?
False
Let b(x) = 20*x**3 - 6*x**2 + 10*x + 8. Let r be b(11). Is r/(-6)*(-8 - (-26)/4) a composite number?
True
Let g be -2 + ((-14)/8 - 4/16). Let j be -4 + (0 - 4)/g - -411. Let t = 673 - j. Is t composite?
True
Suppose -25 = 5*s, 5*a + 7*s = 2*s + 45. Suppose -2*c + a = 10. Suppose 4*y - c*l - 1672 = 0, 47 = -y - l + 468. Is y prime?
True
Suppose 3*x - 5*h = 724053, -3*x - 3*h - 482704 = -5*x. Is x prime?
True
Let b be 4 + -2 + -6 + -4 + 4. Let i(s) = -s**3 + s**2 - 2*s + 1. Is i(b) a prime number?
True
Suppose 0 = 5*z - 6*z + 2*p + 168059, 3*p = -z + 168079. Is z composite?
False
Let p = 997 - 1535. Let d = p + 15047. Is d a prime number?
False
Suppose -21 = -3*l - 9. Suppose -8 = -l*z - 4. Suppose -z = -m + 18. Is m a composite number?
False
Suppose -41*h + 6801950 = -5*h + 14*h. Is h a prime number?
False
Let g(k) = 5*k + 42. Let b be g(14). Is b/(-280) - 18247/(-5) composite?
True
Let z(g) = 92*g**2 + 188*g - 403. Is z(41) prime?
True
Let j = -218571 - -314428. Suppose -j = -17*o - 2850. Is o a composite number?
False
Is 2/((6/(-718035))/(4/(-20))) composite?
False
Suppose -139 = 10*s - 49. Let u be 1*36*38/6. Is (66/s)/((-8)/u) composite?
True
Suppose 0 = -63*j + 68*j + 17530. Let m = -2311 - j. Is m composite?
True
Let t(o) = 7*o**2 + o - 24. Let v(d) = -3*d**2 + 12. Let s(r) = -2*t(r) - 5*v(r). Let p be s(5). Suppose p*j - 522 = 1497. Is j prime?
True
Let i = 54 - 38. Let f = 20 - i. Suppose 3*z + f*p - 5541 = 2*p, -5*z = 4*p - 9235. Is z composite?
False
Is 19/((-6460)/40) - (-7060221)/17 a composite number?
True
Suppose 46*z - 41*z - 104985 = 0. Suppose -434*w = -425*w - z. Is w a prime number?
True
Let r(k) = 3*k**2 - 6*k + 3*k + 6 - 7*k - 6*k. Is r(-7) prime?
False
Let i be 3/4*(-1328)/(-249). Suppose -3*s = -6*s - m + 53075, -5*s + i*m + 88481 = 0. Is s a composite number?
True
Suppose 5*h = -u - 160695 + 1230251, 0 = 4*u - h - 4278161. Is u a composite number?
True
Let l(j) = 2 - 1192*j - 2*j**2 + 2435*j - 1200*j. Is l(13) composite?
False
Let t = -150644 + 287917. Is t a prime number?
True
Suppose -49*l + 52*l - 4*n - 835371 = 0, -5*l + 1392269 = -4*n. Is l a prime number?
False
Suppose -5*l - 3561 = 3219. Let v = l - -2029. Is v a prime number?
True
Suppose -j - f + 21 = -23, -j + 42 = 3*f. Let u = -24 - -132. Suppose -7*a + u = j. Is a a prime number?
False
Let j = 191859 - 135796. Is j composite?
True
Suppose -19*t + 146*t - 265